late the highest common divisor of f and h.
20
Let n(l) = -l - 3. Suppose -10*s + 4*s = 72. Let m be n(s). Let h be (-2528)/(-40) + (-2)/10. What is the greatest common divisor of m and h?
9
Let h(d) = d**3 + 4*d**2 + 3*d - 4. Let a be h(-3). Let u be (33 - 1) + a - -3. Suppose 299 = r + 20. What is the greatest common factor of r and u?
31
Suppose -4*c + 5*a = -10110 - 29119, -2*c - 3*a = -19587. Calculate the greatest common divisor of c and 81.
81
Let w be 54 - (0/(-1) - 0). Suppose -5*g = 4*o - 397, 5*o + 22 = -4*g + 516. Let a = o + -62. Calculate the greatest common factor of a and w.
18
Suppose -2007 = -3*w - 5*v, -2*w + 618 = -2*v - 720. Let f be 18/27 - (-1 - w/9). Calculate the greatest common divisor of 19 and f.
19
Let j be ((-534)/(-4) + (-13)/13)*(-7 - -21). What is the greatest common factor of j and 140?
35
Let r = -82 - -86. Suppose -46 = -r*h - 26. Suppose -2*b = -5*z + 32, -4*z + h*b + 3 = -26. Calculate the greatest common factor of z and 90.
6
Suppose -5*d = 8*g - 12*g - 8966, 0 = 3*d - 5*g - 5377. Calculate the greatest common factor of 65 and d.
13
Suppose 4*s - 34 = 2*s. Let n be 30/21 + 9/(-21). What is the greatest common divisor of s and n?
1
Suppose 20*q = 3*q + 85. Suppose 0 = -q*k - 4*w + 68, -5*k + 4*w = -3*k - 16. What is the greatest common divisor of k and 3?
3
Suppose 19*c = 20*c - 336. Suppose -f + 9*f = -c. Let p = f + 154. What is the highest common divisor of 14 and p?
14
Suppose 3*v = 4*q - 1421, 3*v - 5*v = 4*q - 1446. Let p = q - 255. Suppose 0 = 14*t - 10*t - p. What is the greatest common factor of t and 286?
26
Suppose -2*p + 4*r = r - 4, -r = p - 7. Suppose -p*g + 1071 = 2*g. Suppose -2*c = c - g. Calculate the highest common divisor of c and 17.
17
Suppose 0 = 5*h - 207 - 373. Let x(i) be the third derivative of 7*i**4/12 + i**3/6 + 21*i**2. Let d be x(2). Calculate the highest common factor of d and h.
29
Let u(m) = -3*m**3 - 18*m**2 - 105*m + 36. Let n be u(-6). Calculate the highest common factor of 78 and n.
6
Suppose 5*w = 15, -4*w + 3*w - 93 = 4*x. Let c be ((-18)/x)/(1/4). Let z be (-1)/c + (-346)/(-3). Calculate the highest common divisor of z and 46.
23
Suppose -112*c = -32606 - 25858. Calculate the highest common factor of 58 and c.
58
Let f = 7503 - 5478. What is the highest common factor of f and 63?
9
Let y be ((-32)/(-40))/((52/(-23670))/(-13)). Calculate the highest common divisor of y and 36.
18
Let x be (-1 + 475 + 0)/(18/9). Suppose x = -3*k - 60. Let w be ((-9)/(-1))/(3*(-3)/k). What is the highest common factor of w and 33?
33
Suppose -36*m = -69*m + 132. Calculate the greatest common divisor of m and 322.
2
Suppose -t - 1683 = -4*t. Let k(u) be the first derivative of 7*u**3/3 + 23*u**2/2 - 9*u - 83. Let l be k(-5). What is the highest common divisor of l and t?
51
Suppose -2*d = -79 + 75. Suppose -5*n = -8 - 7. Suppose 4*k + 0*k + y = 87, -68 = -n*k + 2*y. What is the highest common divisor of d and k?
2
Let l = 1003 - 2961. Let i be l/(-89) - -5*1*1. Calculate the greatest common divisor of i and 72.
9
Let v(t) = -t**2 + 22*t + 12. Let g be v(19). Let p = -80 + g. Let o be 12 - 13 - (p + 1). Calculate the greatest common factor of 18 and o.
9
Let z(d) = d**3 + 29*d**2 + 45*d + 65. Let w(a) = 26*a**3 - 4*a**2 - 5*a - 2. Let k be w(-1). Let g be z(k). What is the greatest common factor of g and 22?
22
Let d(t) = 20*t - 206. Let z be d(-25). Let h = z + 720. What is the greatest common divisor of 32 and h?
2
Suppose -3*m - 12945 + 14184 = 0. Calculate the highest common divisor of 59 and m.
59
Suppose 6 = -5*y + 56. Let b = y + -5. Suppose 43*q + 150 = 46*q. What is the highest common divisor of q and b?
5
Let y = -737 - -764. What is the highest common divisor of 8937 and y?
27
Let y be (-20)/70 - (-5296)/14. Let i = y - 293. Calculate the greatest common factor of 17 and i.
17
Let q = 22399 - 21496. Calculate the greatest common factor of q and 42.
21
Let o(h) = 8*h**2 + 46*h - 540. Let c be o(7). Calculate the highest common divisor of c and 1653.
87
Suppose 32018 = 11*k + 1647. Suppose -23*z + k = -919. What is the greatest common divisor of z and 120?
40
Let q be (21414/(-21))/((-44)/308). Calculate the highest common divisor of q and 166.
166
Suppose -16 + 19 = j. Let b(s) = 111*s - 3*s + 73*s + j + 26*s. Let n be b(1). What is the highest common factor of 42 and n?
42
Let z be 2/6*(-268 - -295). Calculate the highest common divisor of z and 2.
1
Suppose 45*t - 1504 = 43*t + 3*f, -3760 = -5*t + 2*f. What is the highest common factor of t and 24?
8
Suppose 0 + 1 = -w, -4*m - 142 = 2*w. Let a be (60/m)/(2/(-168)). Calculate the highest common divisor of a and 384.
48
Let r be (3 + 56)/(61/3721). Calculate the greatest common factor of 122 and r.
61
Let v(x) = -12*x**2 - 1173*x + 165. Let r be v(-51). Calculate the highest common factor of 528 and r.
264
Suppose 3520 + 9440 = 540*b. What is the greatest common divisor of 6504 and b?
24
Suppose -77*h = -260 - 587. What is the greatest common divisor of 8 and h?
1
Let v(h) = -2*h**2 + 14*h + 19. Let n be v(8). Let p = -211 - -67. Let t be (2/(-4))/(3/p). What is the greatest common factor of n and t?
3
Suppose -4*a + 3*b + 274 = 0, 3*a - 4*a - b = -58. Calculate the greatest common divisor of a and 4064.
32
Let s = 113 - 109. Suppose -457 = -s*u - 5*c, 5*u - 221 = 3*u - c. What is the greatest common divisor of u and 135?
27
Let w be (-4 - (-2 + 10/5))/(55/(-549340)). Calculate the greatest common divisor of w and 22.
22
Let v(z) = -407*z + 7889. Let y be v(19). What is the highest common factor of y and 17316?
156
Let u be (164/(-8))/((-7)/14). Suppose 5*a - 2*t = 416, 3*a = 6*a + 4*t - 234. What is the greatest common factor of u and a?
41
Let x(o) = 3*o**3 + 27*o**2 + 7*o - 4. Let w be x(7). What is the greatest common factor of w and 94?
47
Let s(x) be the first derivative of 17*x**3/3 + 5*x**2/2 - 115. Let d be s(-1). Calculate the highest common factor of 20 and d.
4
Suppose -3*w = 3*j - 156, 3*w - 111 = -5*j + 139. Suppose 4*r = 5*g - 486, 0 = -0*g + g - 4*r - 110. What is the greatest common factor of j and g?
47
Let a be ((-81)/243)/(-3*(-1)/(-2808)). Suppose -205 = -3*b - l - 57, -3*b = -2*l - 136. Calculate the greatest common divisor of b and a.
24
Let f(o) = -3*o + 3*o**2 - 3 + 7*o + 0. Let s be f(-4). Suppose 4*n + n - 5*i = 40, -3*n = -4*i - s. What is the greatest common divisor of 33 and n?
3
Suppose 8208 - 27783 = -75*u. Calculate the highest common divisor of u and 1943.
29
Suppose -5*p + 214 + 16 = 0. Let v = -32 + p. Let r be ((-24)/v)/(-3*(-2)/(-105)). What is the greatest common factor of r and 20?
10
Suppose -2*a = 2*i - 134, -76*i - 2*a = -79*i + 211. Calculate the greatest common divisor of i and 213.
3
Let n be (-7 + (7 - -2))*491/2. Let t = n + -484. What is the greatest common divisor of 4 and t?
1
Let n(y) = 208*y**2 - 52*y + 124. Let p be n(3). Calculate the greatest common factor of p and 320.
80
Suppose 2*v - 5*g = 59, 5*v + g - 39 - 122 = 0. Let k be (-4)/(8/(-6)) - 2. Let y be k/(-2) + 63/14. What is the highest common divisor of v and y?
4
Suppose -250 + 1303 = 13*y. Suppose 2*l - y = -49. What is the highest common factor of 360 and l?
8
Suppose -42*s + 30 = -36*s. Suppose j = 73 + 47. Suppose -4*w + j = -w. Calculate the highest common divisor of s and w.
5
Let x(d) = 3*d**2. Let f be x(6). Let y(z) = -2*z + 22 + 5 - 2*z**2 + 0*z + 4*z + 3*z**2. Let r be y(0). What is the highest common divisor of r and f?
27
Let k be (3 + 0)/(9/42). Let p be ((k - -1) + 0)*10/10. Suppose p*a - 13*a = 58. Calculate the highest common factor of a and 87.
29
Let q(f) = f**2 + 5*f - 6. Let w = 59 - 52. Let x(m) = m**3 - 7*m**2 + m - 2. Let o be x(w). Let j be q(o). Calculate the greatest common factor of 11 and j.
11
Let v be -2 - (-148)/(-4 + (-88)/(-20)). Let p = -183 + 199. What is the highest common divisor of p and v?
16
Suppose d - 4*j + 0*j = -16, -32 = -3*d - 4*j. Let h(z) = 2*z - 8. Let k be h(d). Suppose 396 = -k*q + 2*q. Calculate the highest common divisor of q and 22.
22
Suppose 0*g + 2*g = 2*j + 150, 4*j - 144 = -2*g. Let u = g - 12. Calculate the greatest common divisor of 558 and u.
62
Let g(w) = w**3 + 5*w**2 + 2*w + 2. Let d be g(-2). Suppose -d*c + 324 = -4*c. Let l = c + -37. Calculat